 what is 2151424 - 15?
2151405
In base 3, what is 1101211 - -222020?
2101001
In base 5, what is 113 + -131114?
-131001
In base 4, what is -10 + 212320?
212310
In base 2, what is -10001001 - -1001000010?
110111001
In base 13, what is -17686 - 17?
-176a0
In base 16, what is -c - -1dfe6?
1dfda
In base 2, what is 11000011110 + -110100?
10111101010
In base 8, what is 1 - -541716?
541717
In base 12, what is -1909 - -b?
-18ba
In base 16, what is 3 + 2849e?
284a1
In base 15, what is -2 - 364e?
-3651
In base 3, what is 101220200 - -2?
101220202
In base 5, what is 4013 - -242?
4310
In base 13, what is 1334 + 183?
14b7
In base 8, what is -16 - 77136?
-77154
In base 15, what is 3 + -3220?
-321c
In base 16, what is -34a - 1?
-34b
In base 6, what is -122120 - 15?
-122135
In base 2, what is -1100010111011111110 - 101?
-1100010111100000011
In base 11, what is -4 - 147747?
-147750
In base 7, what is 0 + -15310241?
-15310241
In base 11, what is -24 - -1033?
100a
In base 2, what is -10100 - -111000101?
110110001
In base 4, what is -30110 - -120100?
23330
In base 6, what is 3 - 103225?
-103222
In base 2, what is 101 + -11110100101011?
-11110100100110
In base 11, what is -49a + -92?
-581
In base 14, what is 3 + -3b99?
-3b96
In base 8, what is -457737 - -1?
-457736
In base 7, what is 2 + -3043445?
-3043443
In base 12, what is 16a7 - -55?
1740
In base 15, what is 297 + -26?
271
In base 2, what is -111 + -1100110111010001?
-1100110111011000
In base 13, what is 15b5a - -2?
15b5c
In base 6, what is -211 - -44?
-123
In base 7, what is -12 - -145310?
145265
In base 6, what is -1033020 - -3?
-1033013
In base 12, what is 204b - -8?
2057
In base 12, what is 367 - -812?
b79
In base 10, what is 33367 + 2?
33369
In base 4, what is -1101 - 10321?
-12022
In base 2, what is 1011101011110 + 10110010?
1100000010000
In base 6, what is -33 - 4353?
-4430
In base 11, what is 237872 - 16?
237857
In base 2, what is 1011100110101011011 + 11?
1011100110101011110
In base 7, what is -134 - -51?
-53
In base 4, what is 12100 + -3320203?
-3302103
In base 4, what is 2 + -10233301?
-10233233
In base 6, what is -320 + 342?
22
In base 14, what is -a9 - -82?
-27
In base 10, what is 206822 - 1?
206821
In base 11, what is 6a1 - 3a?
662
In base 12, what is 259 - 794?
-537
In base 2, what is 0 + 1111001000100111?
1111001000100111
In base 4, what is -13210 + -2031?
-21301
In base 2, what is 1001 + -11001011110101111?
-11001011110100110
In base 3, what is 102 - 2211012?
-2210210
In base 10, what is -1416 + -83?
-1499
In base 5, what is 3 - -210003124?
210003132
In base 12, what is -492 + 40?
-452
In base 2, what is -101 + 1101100100010?
1101100011101
In base 4, what is 1133213 - -223?
1200102
In base 5, what is -1020143 - -32?
-1020111
In base 11, what is 10 - -2003?
2013
In base 12, what is 107 - -148b?
1596
In base 7, what is 20464 + 10?
20504
In base 3, what is 2200222 - 12?
2200210
In base 16, what is dd - a8?
35
In base 2, what is -11100001010011 + -111001?
-11100010001100
In base 3, what is -2010 - -100221021?
100212011
In base 3, what is -2 - 1012121000?
-1012121002
In base 6, what is -100 - 143001?
-143101
In base 11, what is -96aa3a - -2?
-96aa38
In base 2, what is -10 - 100010101011010?
-100010101011100
In base 13, what is 1bb - 51?
16a
In base 3, what is 12 + -112011022?
-112011010
In base 7, what is 35335 - 2?
35333
In base 15, what is -57c - 12e?
-6ab
In base 3, what is 110 - -2211120?
2212000
In base 9, what is 108175 + 0?
108175
In base 4, what is 21102 + -302?
20200
In base 4, what is -1 - 10102030200?
-10102030201
In base 13, what is -62b1 - 1?
-62b2
In base 5, what is 0 - 110022033?
-110022033
In base 12, what is -319 - -90?
-249
In base 14, what is -c3 + a?
-b7
In base 2, what is 10100111110 - -100010000001?
110110111111
In base 3, what is -201 + 11022?
10121
In base 14, what is -6765 - 8?
-676d
In base 14, what is 0 + -1b9d5?
-1b9d5
In base 14, what is -5 + -6a49?
-6a50
In base 16, what is -1 + 1a8312?
1a8311
In base 11, what is -85 + 137?
62
In base 10, what is -39 - -3324?
3285
In base 11, what is 1 - 3a0397?
-3a0396
In base 14, what is -17 + 5b32a?
5b313
In base 16, what is 63 - 203?
-1a0
In base 12, what is 7 + -25b63?
-25b58
In base 6, what is -34401 + 11342?
-23015
In base 6, what is 5 + -3005?
-3000
In base 3, what is 12 + 221001102?
221001121
In base 10, what is -8 - -3766?
3758
In base 2, what is 100011101110100010 - -11?
100011101110100101
In base 9, what is -5 - -8535?
8530
In base 4, what is 2003310130 - -2?
2003310132
In base 10, what is -89 - 56?
-145
In base 8, what is 151 - 3570?
-3417
In base 7, what is 1 - 2315?
-2314
In base 14, what is 5c6293 + -5?
5c628c
In base 10, what is -86210 + -1?
-86211
In base 4, what is -21 - 1121210?
-1121231
In base 7, what is 12221 + 13?
12234
In base 8, what is 222 + -35?
165
In base 4, what is 12 - -131000303?
131000321
In base 15, what is 4 + -10cb?
-10c7
In base 8, what is -2 + -25224?
-25226
In base 2, what is 111011010010100 - 1?
111011010010011
In base 5, what is 11432 + 3313?
20300
In base 13, what is -203 + -627?
-82a
In base 7, what is -204 + -1213?
-1420
In base 3, what is 100120 + 221?
101111
In base 5, what is 20421 + 30?
21001
In base 13, what is 12664b - -5?
126653
In base 7, what is -123003 + 4?
-122666
In base 9, what is -82 - -1176?
1084
In base 16, what is 1578 - -57?
15cf
In base 6, what is -2 - 144245?
-144251
In base 10, what is -2 + -688?
-690
In base 7, what is -1223060 - 2?
-1223062
In base 3, what is 2 - 12011210?
-12011201
In base 4, what is 202232 + -112030?
30202
In base 3, what is 10110221221 - -200?
10110222121
In base 3, what is -1000 - -10100010?
10022010
In base 9, what is -521 + 1264?
643
In base 3, what is 12 - 20100201112?
-20100201100
In base 9, what is -6141 - -42?
-6088
In base 9, what is 4555210 + 1?
4555211
In base 6, what is -1 + -254540?
-254541
In base 10, what is 13 - 17179?
-17166
In base 4, what is -1 + 1001030?
1001023
In base 2, what is -1000011 + -100010?
-1100101
In base 11, what is 4 + -26340?
-26337
In base 5, what is -420131111 + -1?
-420131112
In base 13, what is -4aa1a + -5?
-4aa22
In base 2, what is 101 + 100001011001110?
100001011010011
In base 12, what is -34312 + 5?
-34309
In base 7, what is 11 - -4631360?
4631401
In base 3, what is 110220 - 10011?
100202
In base 9, what is 14165 + 5?
14171
In base 16, what is ea2f - 5?
ea2a
In base 16, what is 772 + -51?
721
In base 11, what is -58 + -41a?
-477
In base 15, what is 2a248 + 2?
2a24a
In base 6, what is 2 - 231351?
-231345
In base 9, what is -71705 + -2?
-71707
In base 5, what is 131 - -1113?
1244
In base 15, what is 4 + -6bbc?
-6bb8
In base 10, what is 64102 - 36?
64066
In base 8, what is -46 - -1723?
1655
In base 7, what is 35034 - 52?
34652
In base 6, what is 24453 - -132?
25025
In base 16, what is 14da62 + 3?
14da65
In base 5, what is -14341 + 1330?
-13011
In base 12, what is 1b2 + -1b0?
2
In base 12, what is 574 + -704?
-150
In base 3, what is -22 + -112001200210?
-112001201002
In base 5, what is 12210413 - 3?
12210410
In base 2, what is -10000011001000100 + 100?
-10000011001000000
In base 11, what is 22857 - -3?
2285a
In base 14, what is -1dd99 + -5?
-1dda0
In base 6, what is 4 - -22435205?
22435213
In base 8, what is 33460 - 14?
33444
In base 12, what is 1b1a02 - 0?
1b1a02
In base 2, what is -101101101011101001 + -1?
-101101101011101010
In base 4, what is -2 - -3232022302?
3232022300
In base 10, what is -986 + 315?
-671
In base 7, what is -14 - -264562?
264545
In base 3, what is 200222 - 1012?
122210
In base 9, what is 2 + 1310335?
1310337
In base 3, what is -1222122110002 + -11?
-1222122110020
In base 3, what is -1021220 + 11210?
-1010010
In base 12, what is 0 + 206830?
206830
In base 5, what is 3 - 24222?
-24214
In base 16, what is 9 - -683a?
6843
In base 6, what is 1133404 + 0?
1133404
In base 15, what is -45a - -38?
-422
In base 7, what is 154 + 10?
164
In base 8, what is -4114620 - -2?
-4114616
In base 10, what is 20081 + -4?
20077
In base 16, what is -5 + 1298?
1293
In base 13, what is 3b2b5 + 0?
3b2b5
In base 11, what is -27 + -416?
-442
In base 11, what is 4a54 - -1?
4a55
In base 8, what is 12 + -1555?
-1543
In base 7, what is 3066205 - -5?
3066213
In base 12, what is -4 - 284a1?
-284a5
In base 14, what is 0 +